{"id":1069,"date":"2019-05-13T14:35:43","date_gmt":"2019-05-13T12:35:43","guid":{"rendered":"http:\/\/vivaizanzi.it\/prodotto\/import-placeholder-for-1125\/"},"modified":"2024-08-28T16:29:29","modified_gmt":"2024-08-28T14:29:29","slug":"fertille-v3476","status":"publish","type":"product","link":"https:\/\/vivaizanzi.it\/eng\/product\/fertille-v3476\/","title":{"rendered":"FERTILLE* V3476"},"content":{"rendered":"","protected":false},"excerpt":{"rendered":"<h2>Descrizione<\/h2>\n<p><strong>Epoca di maturazione:<\/strong>\u00a0+15 Burlat.<br \/>\n<strong>Origine<\/strong>: CEP Innovation, Francia.<br \/>\n<strong>Editore<\/strong>: CEP Innovation, Francia.<br \/>\n<strong>Albero: <\/strong>Autoincompatibile, vigoria elevata, portamento\u00a0standard-espanso, autosterile.<\/p>\n<p><strong>\u00a0Frutto<\/strong>: Pezzatura elevata 28\/30, rosso,\u00a0polpa consistente, croccante, sapore\u00a0equilibrato tendente all\u2019acidulo.<br \/>\n<strong>Produttivit\u00e0<\/strong>: Necessita di impollinatori (consigliati Burlat, Fermina*, Folfer); produttivit\u00e0 elevata se ben impollinata (la fioritura \u00e8 molto intensa), media sensibilit\u00e0 allo spacco.<br \/>\n<strong>Giudizio complessivo:\u00a0<\/strong>Variet\u00e0 molto\u00a0produttiva, con elevato potenziale di\u00a0calibro; il sapore \u00e8 buono.<\/p>","protected":false},"featured_media":1137,"template":"","meta":[],"class_list":["post-1069","product","type-product","status-publish","has-post-thumbnail","hentry","product_cat-ciliegio","product_tag-varieta-ciliegio","blog_entry clearfix"],"_links":{"self":[{"href":"https:\/\/vivaizanzi.it\/eng\/wp-json\/wp\/v2\/product\/1069","targetHints":{"allow":["GET"]}}],"collection":[{"href":"https:\/\/vivaizanzi.it\/eng\/wp-json\/wp\/v2\/product"}],"about":[{"href":"https:\/\/vivaizanzi.it\/eng\/wp-json\/wp\/v2\/types\/product"}],"wp:featuredmedia":[{"embeddable":true,"href":"https:\/\/vivaizanzi.it\/eng\/wp-json\/wp\/v2\/media\/1137"}],"wp:attachment":[{"href":"https:\/\/vivaizanzi.it\/eng\/wp-json\/wp\/v2\/media?parent=1069"}],"curies":[{"name":"wp","href":"https:\/\/api.w.org\/{rel}","templated":true}]}}