{"id":1595,"date":"2019-05-17T19:05:58","date_gmt":"2019-05-17T17:05:58","guid":{"rendered":"http:\/\/vivaizanzi.it\/?post_type=product&#038;p=1595"},"modified":"2024-09-17T09:51:13","modified_gmt":"2024-09-17T07:51:13","slug":"devil-gala","status":"publish","type":"product","link":"https:\/\/vivaizanzi.it\/eng\/product\/devil-gala\/","title":{"rendered":"DEVIL GALA"},"content":{"rendered":"","protected":false},"excerpt":{"rendered":"<h4>Descrizione<\/h4>\n<p><strong>Epoca di maturazion<\/strong>e: -45 Golden Delicious.<br \/>\n<strong>Origine<\/strong>: Mutazione di Gala, individuata e selezionata\u00a0in Italia.<br \/>\n<strong>Editore<\/strong>: Vivai F.lli Zanzi, Italia.<br \/>\n<strong>Caratteristiche generali<\/strong>: Albero di vigoria elevata, costantemente molto produttivo; il frutto presenta pezzatura uniforme ed elevata, con colorazione rosso scura lavata, molto intensa e diffusa sull\u2019intera superficie del frutto; picciolo rossastro. La colorazione appare molto presto, circa 7 giorni prima rispetto i cloni pi\u00f9 precoci; rappresenta il clone di Gala pi\u00f9 colorato oggi a disposizione, il clone a maturazione fisiologica pi\u00f9 anticipata ( 30\/7 a Ferrara).<\/p>","protected":false},"featured_media":3790,"template":"","meta":[],"class_list":["post-1595","product","type-product","status-publish","has-post-thumbnail","hentry","product_cat-melo","product_tag-varieta-melo","blog_entry clearfix"],"_links":{"self":[{"href":"https:\/\/vivaizanzi.it\/eng\/wp-json\/wp\/v2\/product\/1595","targetHints":{"allow":["GET"]}}],"collection":[{"href":"https:\/\/vivaizanzi.it\/eng\/wp-json\/wp\/v2\/product"}],"about":[{"href":"https:\/\/vivaizanzi.it\/eng\/wp-json\/wp\/v2\/types\/product"}],"wp:featuredmedia":[{"embeddable":true,"href":"https:\/\/vivaizanzi.it\/eng\/wp-json\/wp\/v2\/media\/3790"}],"wp:attachment":[{"href":"https:\/\/vivaizanzi.it\/eng\/wp-json\/wp\/v2\/media?parent=1595"}],"curies":[{"name":"wp","href":"https:\/\/api.w.org\/{rel}","templated":true}]}}