{"id":3266,"date":"2020-11-04T11:03:40","date_gmt":"2020-11-04T10:03:40","guid":{"rendered":"http:\/\/vivaizanzi.it\/?post_type=product&#038;p=3266"},"modified":"2020-11-04T11:08:09","modified_gmt":"2020-11-04T10:08:09","slug":"ennis","status":"publish","type":"product","link":"https:\/\/vivaizanzi.it\/eng\/product\/ennis\/","title":{"rendered":"ENNIS"},"content":{"rendered":"","protected":false},"excerpt":{"rendered":"<p><strong>Epoca di maturazione:<\/strong> tardiva<\/p>\n<p><strong>Origine:<\/strong> USA, risalente al 1950<\/p>\n<p><strong>Albero:<\/strong> vigoria media<\/p>\n<p><strong>Frutto:<\/strong> forma allungata-ovale, di grandezza media. Presenta un colore marrone chiaro brillante con striature pi\u00f9 scure. La superficie \u00e8 liscia e lo spessore del guscio medio. I semi del frutto sono grandi e la pellicola presenta delle difficolt\u00e0 a staccarsi dalla nucula<\/p>\n<p><strong>Produttivit\u00e0 e fruttificazione:<\/strong> produttivit\u00e0 elevata<\/p>\n<p><strong>Giudizio complessivo:<\/strong> variet\u00e0 da tavola molto interessante per la sua ottima produttivit\u00e0 e per l\u2019aspetto molto attrattivo dei suoi frutti<\/p>\n<p>&nbsp;<\/p>","protected":false},"featured_media":3267,"template":"","meta":[],"class_list":["post-3266","product","type-product","status-publish","has-post-thumbnail","hentry","product_cat-nocciolo","blog_entry clearfix"],"_links":{"self":[{"href":"https:\/\/vivaizanzi.it\/eng\/wp-json\/wp\/v2\/product\/3266","targetHints":{"allow":["GET"]}}],"collection":[{"href":"https:\/\/vivaizanzi.it\/eng\/wp-json\/wp\/v2\/product"}],"about":[{"href":"https:\/\/vivaizanzi.it\/eng\/wp-json\/wp\/v2\/types\/product"}],"wp:featuredmedia":[{"embeddable":true,"href":"https:\/\/vivaizanzi.it\/eng\/wp-json\/wp\/v2\/media\/3267"}],"wp:attachment":[{"href":"https:\/\/vivaizanzi.it\/eng\/wp-json\/wp\/v2\/media?parent=3266"}],"curies":[{"name":"wp","href":"https:\/\/api.w.org\/{rel}","templated":true}]}}