{"id":3778,"date":"2024-09-16T17:09:00","date_gmt":"2024-09-16T15:09:00","guid":{"rendered":"http:\/\/vivaizanzi.it\/?post_type=product&#038;p=3778"},"modified":"2024-10-08T15:06:08","modified_gmt":"2024-10-08T13:06:08","slug":"golden-del-cl-reinders","status":"publish","type":"product","link":"https:\/\/vivaizanzi.it\/eng\/product\/golden-del-cl-reinders\/","title":{"rendered":"GOLDEN DEL. CL. REINDERS\u00ae"},"content":{"rendered":"","protected":false},"excerpt":{"rendered":"<h4>Descrizione<\/h4>\n<p><strong>ORIGINE:<\/strong> Mutazione della variet\u00e0 Golden Delicious, scoperta da Reinders (Olanda).<\/p>\n<p><strong>FRUTTO: <\/strong>Colore verde, giallo a piena maturazione, rimane verde sulla parte del frutto non esposto al sole, si ingiallisce pi\u00f9 tardi rispetto agli altri cloni Golden<\/p>\n<p>Gusto: aromatico, dolce con acidit\u00e0 molto bassa<\/p>\n<p>Forma\/pezzatura: medio grande<\/p>\n<p>Buccia: liscia, non soggetta rugginosit\u00e0<\/p>\n<p>Polpa: giallastra, croccante, succosa<\/p>\n<p><strong>Caratteristiche generali: <\/strong>Vigore medio, portamento espanso, fioritura medio-tardiva, buona variet\u00e0 impollinatrice, suoi impollinatori: Jonathan, Granny Smith, Red Delicious. Frutti di forma allungata ,pi\u00f9 verdi di altri cloni di Golden, mai soggetta a rugginosit\u00e0, si adatta anche alla coltivazione in luoghi poco vocati.<\/p>","protected":false},"featured_media":3823,"template":"","meta":[],"class_list":["post-3778","product","type-product","status-publish","has-post-thumbnail","hentry","product_cat-melo","product_tag-varieta-melo","blog_entry clearfix"],"_links":{"self":[{"href":"https:\/\/vivaizanzi.it\/eng\/wp-json\/wp\/v2\/product\/3778","targetHints":{"allow":["GET"]}}],"collection":[{"href":"https:\/\/vivaizanzi.it\/eng\/wp-json\/wp\/v2\/product"}],"about":[{"href":"https:\/\/vivaizanzi.it\/eng\/wp-json\/wp\/v2\/types\/product"}],"wp:featuredmedia":[{"embeddable":true,"href":"https:\/\/vivaizanzi.it\/eng\/wp-json\/wp\/v2\/media\/3823"}],"wp:attachment":[{"href":"https:\/\/vivaizanzi.it\/eng\/wp-json\/wp\/v2\/media?parent=3778"}],"curies":[{"name":"wp","href":"https:\/\/api.w.org\/{rel}","templated":true}]}}