{"id":4137,"date":"2025-09-23T13:01:44","date_gmt":"2025-09-23T11:01:44","guid":{"rendered":"https:\/\/vivaizanzi.it\/?post_type=product&#038;p=4137"},"modified":"2025-09-23T13:02:46","modified_gmt":"2025-09-23T11:02:46","slug":"briosa","status":"publish","type":"product","link":"https:\/\/vivaizanzi.it\/eng\/product\/briosa\/","title":{"rendered":"BRIOSA"},"content":{"rendered":"","protected":false},"excerpt":{"rendered":"<p><strong>Epoca di inizio maturazione<\/strong>: +15 Big Top\u00ae Zaitabo*.<\/p>\n<p>&nbsp;<\/p>\n<p><strong>Origine genetica<\/strong><strong>:<\/strong> nettarina a polpa gialla ottenuta nel 2005 dall\u2019incrocio di \u201cBO 96028059\u201d x \u201cBO 92028001\u201d. Selezionata come \u2018BO 05029001\u2019 nei campi gestiti da ASTRA Innovazione e Sviluppo (Tebano di Faenza, RA).<\/p>\n<p>&nbsp;<\/p>\n<p><strong>Costitutori<\/strong>: Daniele Bassi, Universit\u00e0 degli Studi di Milano, Stefano Foschi, Rinova di Cesena.<\/p>\n<p>&nbsp;<\/p>\n<p>&nbsp;<\/p>\n<p><strong>Albero <\/strong><strong>(<\/strong><strong>habitus e produttivit\u00e0):<\/strong><\/p>\n<p><strong>portamento<\/strong>: standard<\/p>\n<p><strong>vigoria<\/strong>: media<\/p>\n<p><strong>entrata in produzione: <\/strong>precoce<\/p>\n<p><strong>epoca di fioritura<\/strong>: media<\/p>\n<p><strong>entit\u00e0 di fioritura<\/strong>: elevata<\/p>\n<p><strong>\u00a0\u00a0\u00a0\u00a0\u00a0\u00a0\u00a0\u00a0\u00a0\u00a0\u00a0 produttivit\u00e0 <\/strong>: elevata e costante<\/p>\n<p><strong>Foglie<\/strong><strong>: <\/strong>glandole reniformi<\/p>\n<p><strong>Fiore<\/strong>: rosaceo<\/p>\n<p><strong>\u00a0<\/strong><\/p>\n<p><strong>Frutto<\/strong><strong>:<\/strong> di pezzatura media, calibro A+, a forma rotonda regolare; epidermide di colore giallo rivestita per il 70% di sovraccolore rosso brillante; la polpa \u00e8 di tipo \u201cslow softening\u201d, cio\u00e8 a maturazione molto rallentata che ne permette una ottimale gestione in epoca di raccolta; il sapore \u00e8 molto dolce, a media acidit\u00e0, molto aromatico. Poco sensibile a scatolato.<\/p>\n<p>Il nocciolo \u00e8 spicco, di medie dimensioni.<\/p>\n<p><strong>\u00a0<\/strong><\/p>\n<p><strong>Analisi qualitativa (media di 3 annate)<\/strong><\/p>\n<table>\n<tbody>\n<tr>\n<td width=\"130\"><strong>\u00a0<\/strong><\/td>\n<td width=\"130\"><strong>Durezza (kg\/cm2)<\/strong><\/td>\n<td width=\"130\"><strong>RSR (\u00b0Brix)<\/strong><\/td>\n<td width=\"130\"><strong>Acidit\u00e0 (meq)<\/strong><\/td>\n<td width=\"130\"><strong>ph<\/strong><\/td>\n<\/tr>\n<tr>\n<td width=\"130\"><strong>BRIOSA<\/strong><\/td>\n<td width=\"130\"><strong>5.5<\/strong><\/td>\n<td width=\"130\"><strong>16.6<\/strong><\/td>\n<td width=\"130\"><strong>8.3<\/strong><\/td>\n<td width=\"130\"><strong>3.87<\/strong><\/td>\n<\/tr>\n<tr>\n<td width=\"130\"><strong>BIG TOP<\/strong><\/td>\n<td width=\"130\"><strong>5.1<\/strong><\/td>\n<td width=\"130\"><strong>15.4<\/strong><\/td>\n<td width=\"130\"><strong>6.7<\/strong><\/td>\n<td width=\"130\"><strong>3.99<\/strong><\/td>\n<\/tr>\n<\/tbody>\n<\/table>\n<p><strong>\u00a0<\/strong><\/p>\n<p><strong>\u00a0<\/strong><\/p>\n<p><strong>Giudizio complessivo<\/strong><\/p>\n<p>&nbsp;<\/p>\n<p>Nettarina gialla che matura in epoca media, molto interessante per la rusticit\u00e0 e le pregevoli caratteristiche organolettiche. Precoce nell\u2019entrata in produzione, di media pezzatura e aspetto attraente, di forma regolare, ha nel sapore, dolce e aromatico, la caratteristica distintiva. Da valutare in regime di coltivazione biologica, perch\u00e9 sembra tollerante alla monilia e comunque molto rustica.<\/p>","protected":false},"featured_media":4138,"template":"","meta":[],"class_list":["post-4137","product","type-product","status-publish","has-post-thumbnail","hentry","product_cat-nettarine-gialle","product_cat-pesco","blog_entry clearfix"],"_links":{"self":[{"href":"https:\/\/vivaizanzi.it\/eng\/wp-json\/wp\/v2\/product\/4137","targetHints":{"allow":["GET"]}}],"collection":[{"href":"https:\/\/vivaizanzi.it\/eng\/wp-json\/wp\/v2\/product"}],"about":[{"href":"https:\/\/vivaizanzi.it\/eng\/wp-json\/wp\/v2\/types\/product"}],"wp:featuredmedia":[{"embeddable":true,"href":"https:\/\/vivaizanzi.it\/eng\/wp-json\/wp\/v2\/media\/4138"}],"wp:attachment":[{"href":"https:\/\/vivaizanzi.it\/eng\/wp-json\/wp\/v2\/media?parent=4137"}],"curies":[{"name":"wp","href":"https:\/\/api.w.org\/{rel}","templated":true}]}}